{"id":88,"date":"2024-10-07T21:00:54","date_gmt":"2024-10-08T00:00:54","guid":{"rendered":"http:\/\/ceepcuritiba.com.br\/novo\/?page_id=88"},"modified":"2024-10-15T19:06:56","modified_gmt":"2024-10-15T22:06:56","slug":"curso-tecnico-em-meio-ambiente","status":"publish","type":"page","link":"http:\/\/ceepcuritiba.com.br\/novo\/?page_id=88","title":{"rendered":"CURSO T\u00c9CNICO EM MEIO AMBIENTE"},"content":{"rendered":"\n<div class=\"wp-block-cover has-parallax\" style=\"min-height:142px;aspect-ratio:unset;\"><span aria-hidden=\"true\" class=\"wp-block-cover__background has-background-dim\"><\/span><div class=\"wp-block-cover__image-background wp-image-44 has-parallax\" style=\"background-position:50% 50%;background-image:url(http:\/\/ceepcuritiba.com.br\/novo\/wp-content\/uploads\/2024\/10\/meio_ambiente-1024x491.jpg)\"><\/div><div class=\"wp-block-cover__inner-container is-layout-flow wp-block-cover-is-layout-flow\">\n<p class=\"has-text-align-center has-large-font-size\">CURSO T\u00c9CNICO EM MEIO AMBIENTE<\/p>\n<\/div><\/div>\n\n\n\n<h2 class=\"wp-block-heading\"><strong><a href=\"http:\/\/ceepcuritiba.com.br\/novo\/wp-content\/uploads\/2024\/10\/PC_Meio-Ambiente.pdf\">Plano de Curso em Meio Ambiente<\/a><\/strong><\/h2>\n\n\n\n<h2 class=\"wp-block-heading\"><strong><a href=\"http:\/\/ceepcuritiba.com.br\/novo\/wp-content\/uploads\/2024\/10\/MATRIZ_CURRICULAR_MEIO_AMBIENTE.pdf\">Matriz Curricular do Curso T\u00e9cnico em Meio Ambiente<\/a><\/strong><\/h2>\n\n\n\n<h2 class=\"wp-block-heading\"><strong>O T\u00e9cnico em Meio Ambiente ser\u00e1 habilitado para:<\/strong><\/h2>\n\n\n\n<ul class=\"wp-block-list\">\n<li>Coletar, armazenar e interpretar informa\u00e7\u00f5es, dados e documenta\u00e7\u00f5es ambientais.<\/li>\n\n\n\n<li>Auxiliar na elabora\u00e7\u00e3o, na an\u00e1lise de projetos, nos relat\u00f3rios e estudos ambientais.<\/li>\n\n\n\n<li>Propor medidas para a minimiza\u00e7\u00e3o dos impactos e recupera\u00e7\u00e3o de ambientes j\u00e1 degradados.<\/li>\n\n\n\n<li>Executar sistemas de gest\u00e3o ambiental.<\/li>\n\n\n\n<li>Organizar programas de educa\u00e7\u00e3o ambiental com base no monitoramento, na corre\u00e7\u00e3o e preven\u00e7\u00e3o das atividades antr\u00f3picas, na conserva\u00e7\u00e3o dos recursos naturais atrav\u00e9s de an\u00e1lises prevencionistas.<\/li>\n\n\n\n<li>Organizar redu\u00e7\u00e3o, reuso e reciclagem de res\u00edduos e\/ou recursos utilizados em processos.<\/li>\n\n\n\n<li>Identificar os padr\u00f5es de produ\u00e7\u00e3o e consumo de energia.<\/li>\n\n\n\n<li>Realizar levantamentos ambientais.<\/li>\n\n\n\n<li>Operar sistemas de tratamento de poluentes e res\u00edduos s\u00f3lidos.<\/li>\n\n\n\n<li>Relacionar os sistemas econ\u00f4micos e suas intera\u00e7\u00f5es com o meio ambiente.<\/li>\n\n\n\n<li>Realizar e coordenar o sistema de coleta seletiva.<\/li>\n\n\n\n<li>Executar plano de a\u00e7\u00e3o e manejo de recursos naturais.<\/li>\n\n\n\n<li>Elaborar relat\u00f3rio peri\u00f3dico das atividades e modifica\u00e7\u00f5es dos aspectos e impactos ambientais de um processo, indicando as consequ\u00eancias de modifica\u00e7\u00f5es.<\/li>\n\n\n\n<li>Realizar a\u00e7\u00f5es de sa\u00fade ambiental nos territ\u00f3rios.<\/li>\n\n\n\n<li>Desenvolver tecnologias sociais ambientais.<\/li>\n\n\n\n<li>Promover a\u00e7\u00f5es de manejo ambiental.<\/li>\n\n\n\n<li>Avaliar e monitorar sistema de tratamento e abastecimento de \u00e1gua, bem como de esgotamento sanit\u00e1rio.<\/li>\n\n\n\n<li>Monitorar os indicadores de qualidade do ar atmosf\u00e9rico.<\/li>\n\n\n\n<li>Executar a\u00e7\u00f5es de controle e manejo da polui\u00e7\u00e3o.<\/li>\n\n\n\n<li>Realizar vistoria ambiental e sanit\u00e1ria.<\/li>\n\n\n\n<li>Realizar monitoramento ambiental.<\/li>\n\n\n\n<li>Elaborar diagn\u00f3stico das condi\u00e7\u00f5es socioambientais, econ\u00f4micas e culturais.<\/li>\n\n\n\n<li>Identificar e intervir nos problemas de sa\u00fade relacionados aos fatores de riscos ambientais do territ\u00f3rio com o prop\u00f3sito de contribuir para a melhoria da qualidade de vida da popula\u00e7\u00e3o.<\/li>\n\n\n\n<li>Conhecer e utilizar sistemas de informa\u00e7\u00e3o geogr\u00e1ficas para uso em atividades de geoprocessamento no trabalho ambiental.<\/li>\n\n\n\n<li>Integrar a\u00e7\u00f5es da sa\u00fade do trabalhador com sa\u00fade ambiental.<\/li>\n\n\n\n<li>Conhecer e integrar o sistema de saneamento ambiental bem como sua rela\u00e7\u00e3o com a sa\u00fade p\u00fablica.<\/li>\n\n\n\n<li>Auditar sistemas de gest\u00e3o ambiental.<\/li>\n\n\n\n<li>Atuar nas \u00e1reas de educa\u00e7\u00e3o, prote\u00e7\u00e3o e recupera\u00e7\u00e3o ambientais.<\/li>\n<\/ul>\n\n\n\n<h3 class=\"wp-block-heading\"><strong>Para a atua\u00e7\u00e3o como T\u00e9cnico em Meio Ambiente, s\u00e3o fundamentais:<\/strong><\/h3>\n\n\n\n<ul class=\"wp-block-list\">\n<li>Conhecimentos das pol\u00edticas p\u00fablicas de Meio Ambiente e compreens\u00e3o de sua atua\u00e7\u00e3o profissional frente \u00e0s diretrizes, princ\u00edpios e estrutura organizacional do Sistema Nacional de Meio Ambiente (SISNAMA).<\/li>\n\n\n\n<li>Conhecimentos das pol\u00edticas p\u00fablicas de sa\u00fade e compreens\u00e3o de sua atua\u00e7\u00e3o profissional frente \u00e0s diretrizes, princ\u00edpios e estrutura organizacional do Sistema \u00danico de Sa\u00fade (SUS).<\/li>\n\n\n\n<li>Conhecimentos e saberes relacionados a processos de sustentabilidade, territorializa\u00e7\u00e3o e monitoramento ambiental.<\/li>\n\n\n\n<li>Organiza\u00e7\u00e3o, responsabilidade, resolu\u00e7\u00e3o de situa\u00e7\u00f5es-problema, gest\u00e3o de conflitos, trabalho em equipe de forma colaborativa, comunica\u00e7\u00e3o e \u00e9tica profissional.<\/li>\n\n\n\n<li>Atualiza\u00e7\u00e3o e aperfei\u00e7oamento profissional por meio da educa\u00e7\u00e3o continuada.<\/li>\n\n\n\n<li>Vis\u00e3o abrangente e integrada dos t\u00f3picos ambientais (\u00e1gua, ar, solo, fauna e flora) e sua din\u00e2mica.<\/li>\n\n\n\n<li>Orienta\u00e7\u00e3o e controle de processos voltados \u00e0s \u00e1reas de conserva\u00e7\u00e3o, pesquisa, prote\u00e7\u00e3o e defesa ambiental.<\/li>\n\n\n\n<li>Atuar em equipes de gerenciamento ambiental de \u00f3rg\u00e3os p\u00fablicos e privados.<\/li>\n<\/ul>\n\n\n\n<h3 class=\"wp-block-heading\"><strong>Eixo Tecnol\u00f3gico<\/strong><\/h3>\n\n\n\n<p>Eixo de Ambiente e Sa\u00fade<\/p>\n\n\n\n<h3 class=\"wp-block-heading\"><strong>\u00c1rea Tecnol\u00f3gica<\/strong><\/h3>\n\n\n\n<p>Prote\u00e7\u00e3o e Reabilita\u00e7\u00e3o de Ecossistemas<\/p>\n\n\n\n<h3 class=\"wp-block-heading\"><strong>Carga Hor\u00e1ria M\u00ednima<\/strong><\/h3>\n\n\n\n<p><\/p>\n\n\n\n<h3 class=\"wp-block-heading\"><strong>Pr\u00e9-requisito para Ingresso<\/strong><\/h3>\n\n\n\n<p>Para ingresso no Curso T\u00e9cnico Subsequente, o estudante dever\u00e1 ter conclu\u00eddo o Ensino M\u00e9dio.<\/p>\n\n\n\n<p>Para ingresso no Curso T\u00e9cnico Integrado ao Ensino M\u00e9dio, o estudante dever\u00e1 ter conclu\u00eddo o Ensino Fundamental.<\/p>\n\n\n\n<p>Para ingresso no Curso T\u00e9cnico Integrado \u00e0 Educa\u00e7\u00e3o de Jovens e Adultos, o estudante dever\u00e1 ter conclu\u00eddo o Ensino Fundamental.<\/p>\n\n\n\n<h3 class=\"wp-block-heading\"><strong>Legisla\u00e7\u00e3o Profissional<\/strong><\/h3>\n\n\n\n<p><a target=\"_blank\" rel=\"noreferrer noopener\" href=\"https:\/\/cft-br.implanta.net.br\/PortalTransparencia\/Publico\/ArquivosAnexos\/Download?idArquivoAnexo=7db440d1-0e56-40ed-8d69-e30a3fd38b7b\">Resolu\u00e7\u00e3o CFT n 85, de 28 de outubro de 2019<\/a><\/p>\n\n\n\n<p>BRASIL. CONSELHO FEDERAL DOS T\u00c9CNICOS INDUSTRIAIS. Resolu\u00e7\u00e3o CFT n 85, de 28 de outubro de 2019. Aprova a tabela de t\u00edtulos de profissionais dos T\u00e9cnicos Industriais no SINCETI.<\/p>\n\n\n\n<p><a target=\"_blank\" rel=\"noreferrer noopener\" href=\"http:\/\/www.planalto.gov.br\/ccivil_03\/decreto\/Antigos\/D90922.htm\">Decreto n\u00ba 90.922, de 6 de fevereiro de 1985<\/a><\/p>\n\n\n\n<p>BRASIL. Decreto n\u00ba 90.922, de 6 de fevereiro de 1985. Regulamenta a Lei n\u00ba 5.524, de 05 de novembro de 1968, que disp\u00f5e sobre o exerc\u00edcio da profiss\u00e3o de t\u00e9cnico industrial e t\u00e9cnico agr\u00edcola de n\u00edvel m\u00e9dio ou de 2\u00ba grau. Di\u00e1rio Oficial da Uni\u00e3o, se\u00e7\u00e3o 1, 7\/2\/1985, p. 2194.<\/p>\n\n\n\n<p><a target=\"_blank\" rel=\"noreferrer noopener\" href=\"http:\/\/www.planalto.gov.br\/ccivil_03\/LEIS\/L5524.htm\">Lei n\u00ba 5.524, de 5 de novembro de 1968<\/a><\/p>\n\n\n\n<p>BRASIL. Lei n\u00ba 5.524, de 5 de novembro de 1968. Disp\u00f5e s\u00f4bre o exerc\u00edcio da profiss\u00e3o de T\u00e9cnico Industrial de n\u00edvel m\u00e9dio. Di\u00e1rio Oficial da Uni\u00e3o, se\u00e7\u00e3o 1, 6\/11\/1968, p. 9689.<\/p>\n\n\n\n<p><a target=\"_blank\" rel=\"noreferrer noopener\" href=\"http:\/\/www.planalto.gov.br\/ccivil_03\/decreto\/2002\/D4560.htm\">Decreto 4.560, de 30 de dezembro de 2002<\/a><\/p>\n\n\n\n<p>BRASIL. Decreto 4.560, de 30 de dezembro de 2002. Altera o Decreto n\u00ba 90.922, de 6 de fevereiro de 1985, que regulamenta a Lei n\u00ba 5.524, de 5 de novembro de 1968, que disp\u00f5e sobre o exerc\u00edcio da profiss\u00e3o de T\u00e9cnico Industrial e T\u00e9cnico Agr\u00edcola de n\u00edvel m\u00e9dio ou de 2\u00ba grau. Di\u00e1rio Oficial da Uni\u00e3o, se\u00e7\u00e3o 1, 31\/12\/2002, p. 7.<\/p>\n\n\n\n<h3 class=\"wp-block-heading\"><strong>Itiner\u00e1rios Formativos<\/strong><\/h3>\n\n\n\n<h3 class=\"wp-block-heading\"><strong><strong>Sugest\u00f5es de qualifica\u00e7\u00e3o profissional com certifica\u00e7\u00f5es intermedi\u00e1rias, no curso t\u00e9cnico, considerando ocupa\u00e7\u00f5es previstas na CBO:<\/strong><\/strong><\/h3>\n\n\n\n<ul class=\"wp-block-list\">\n<li>Agente Ambiental<\/li>\n\n\n\n<li>Agente de Combate \u00e0s Endemias<\/li>\n\n\n\n<li>Agente de Desenvolvimento Socioambiental<\/li>\n\n\n\n<li>Agente de Gest\u00e3o de Res\u00edduos S\u00f3lidos<\/li>\n\n\n\n<li>Agente de Limpeza Urbana<\/li>\n\n\n\n<li>Agentes Locais de Vigil\u00e2ncia em Sa\u00fade<\/li>\n\n\n\n<li>Brigadista de Preven\u00e7\u00e3o e Combate a Inc\u00eandios Florestais<\/li>\n\n\n\n<li>Operador de Aterro Sanit\u00e1rio de Res\u00edduos S\u00f3lidos<\/li>\n\n\n\n<li>Operadores de Esta\u00e7\u00f5es de Tratamento de \u00c1gua, de Esgoto e de Efluentes Industriais<\/li>\n<\/ul>\n\n\n\n<h3 class=\"wp-block-heading\"><strong><strong>Sugest\u00f5es de forma\u00e7\u00e3o continuada em cursos de especializa\u00e7\u00e3o t\u00e9cnica (p\u00f3s-t\u00e9cnico):<\/strong><\/strong><\/h3>\n\n\n\n<ul class=\"wp-block-list\">\n<li>Especializa\u00e7\u00e3o T\u00e9cnica em Educa\u00e7\u00e3o Ambiental<\/li>\n\n\n\n<li>Especializa\u00e7\u00e3o T\u00e9cnica em Gerenciamento Ambiental<\/li>\n\n\n\n<li>Especializa\u00e7\u00e3o T\u00e9cnica em Geoprocessamento<\/li>\n\n\n\n<li>Especializa\u00e7\u00e3o T\u00e9cnica em Reciclagem<\/li>\n<\/ul>\n\n\n\n<h3 class=\"wp-block-heading\"><strong><strong>Sugest\u00f5es de verticaliza\u00e7\u00e3o para cursos de gradua\u00e7\u00e3o (Curso Superior de Tecnologia, bacharelado e licenciatura):<\/strong><\/strong><\/h3>\n\n\n\n<ul class=\"wp-block-list\">\n<li>Curso Superior de Tecnologia em Gest\u00e3o Ambiental<\/li>\n\n\n\n<li>Curso Superior de Tecnologia em Gest\u00e3o de Res\u00edduos S\u00f3lidos<\/li>\n\n\n\n<li>Curso Superior de Tecnologia em Saneamento Ambiental<\/li>\n\n\n\n<li>Bacharelado em Ci\u00eancias Ambientais<\/li>\n\n\n\n<li>Bacharelado em Engenharia Ambiental<\/li>\n\n\n\n<li>Bacharelado em Engenharia Ambiental e Sanit\u00e1ria<\/li>\n\n\n\n<li>Bacharelado em Engenharia Sanit\u00e1ria<\/li>\n\n\n\n<li>Bacharelado em Engenharia Florestal<\/li>\n\n\n\n<li>Bacharelado\/Licenciatura em Biologia<\/li>\n\n\n\n<li>Bacharelado em Engenharia Agron\u00f4mica<\/li>\n\n\n\n<li>Bacharelado em Geografia<\/li>\n<\/ul>\n\n\n\n<h3 class=\"wp-block-heading\"><strong>Campo de Atua\u00e7\u00e3o<\/strong><\/h3>\n\n\n\n<h3 class=\"wp-block-heading\"><strong>Locais e Ambientes de Trabalho:<\/strong><\/h3>\n\n\n\n<ul class=\"wp-block-list\">\n<li>Aterros sanit\u00e1rios<\/li>\n\n\n\n<li>Autarquias e \u00f3rg\u00e3os p\u00fablicos<\/li>\n\n\n\n<li>Cooperativas e associa\u00e7\u00f5es<\/li>\n\n\n\n<li>Empreendimento pr\u00f3prio<\/li>\n\n\n\n<li>Empresas de licenciamento ambiental<\/li>\n\n\n\n<li>Empresas prestadoras de servi\u00e7os<\/li>\n\n\n\n<li>Esta\u00e7\u00f5es de monitoramento e tratamento de efluentes (l\u00edquidos e gasosos) e res\u00edduos s\u00f3lidos<\/li>\n\n\n\n<li>Esta\u00e7\u00f5es de tratamento de \u00e1gua, esgoto sanit\u00e1rio, efluentes industriais e res\u00edduos<\/li>\n\n\n\n<li>Ind\u00fastrias e demais unidades de produ\u00e7\u00e3o<\/li>\n\n\n\n<li>Institui\u00e7\u00f5es de assist\u00eancia t\u00e9cnica, pesquisa e extens\u00e3o rural<\/li>\n\n\n\n<li>Organiza\u00e7\u00f5es n\u00e3o governamentais (ONGs) ambientais<\/li>\n\n\n\n<li>Profissional aut\u00f4nomo<\/li>\n\n\n\n<li>Unidades de conserva\u00e7\u00e3o ambiental<\/li>\n\n\n\n<li>Unidades de manejo de recursos h\u00eddricos e de res\u00edduos<\/li>\n<\/ul>\n\n\n\n<h3 class=\"wp-block-heading\"><strong>Ocupa\u00e7\u00e3o CBO Associadas<\/strong><\/h3>\n\n\n\n<p>3115-05 T\u00e9cnico em Controle de Meio Ambiente<\/p>\n\n\n\n<p><\/p>\n","protected":false},"excerpt":{"rendered":"<p>Plano de Curso em Meio Ambiente Matriz Curricular do Curso T\u00e9cnico em Meio Ambiente O T\u00e9cnico em Meio Ambiente ser\u00e1 habilitado para: Para a atua\u00e7\u00e3o como T\u00e9cnico em Meio Ambiente, s\u00e3o fundamentais: Eixo Tecnol\u00f3gico Eixo de Ambiente e Sa\u00fade \u00c1rea Tecnol\u00f3gica Prote\u00e7\u00e3o e Reabilita\u00e7\u00e3o de Ecossistemas Carga Hor\u00e1ria M\u00ednima Pr\u00e9-requisito para Ingresso Para ingresso no [&hellip;]<\/p>\n","protected":false},"author":1,"featured_media":0,"parent":17,"menu_order":0,"comment_status":"closed","ping_status":"closed","template":"","meta":{"footnotes":""},"class_list":["post-88","page","type-page","status-publish","hentry"],"_links":{"self":[{"href":"http:\/\/ceepcuritiba.com.br\/novo\/index.php?rest_route=\/wp\/v2\/pages\/88"}],"collection":[{"href":"http:\/\/ceepcuritiba.com.br\/novo\/index.php?rest_route=\/wp\/v2\/pages"}],"about":[{"href":"http:\/\/ceepcuritiba.com.br\/novo\/index.php?rest_route=\/wp\/v2\/types\/page"}],"author":[{"embeddable":true,"href":"http:\/\/ceepcuritiba.com.br\/novo\/index.php?rest_route=\/wp\/v2\/users\/1"}],"replies":[{"embeddable":true,"href":"http:\/\/ceepcuritiba.com.br\/novo\/index.php?rest_route=%2Fwp%2Fv2%2Fcomments&post=88"}],"version-history":[{"count":4,"href":"http:\/\/ceepcuritiba.com.br\/novo\/index.php?rest_route=\/wp\/v2\/pages\/88\/revisions"}],"predecessor-version":[{"id":162,"href":"http:\/\/ceepcuritiba.com.br\/novo\/index.php?rest_route=\/wp\/v2\/pages\/88\/revisions\/162"}],"up":[{"embeddable":true,"href":"http:\/\/ceepcuritiba.com.br\/novo\/index.php?rest_route=\/wp\/v2\/pages\/17"}],"wp:attachment":[{"href":"http:\/\/ceepcuritiba.com.br\/novo\/index.php?rest_route=%2Fwp%2Fv2%2Fmedia&parent=88"}],"curies":[{"name":"wp","href":"https:\/\/api.w.org\/{rel}","templated":true}]}}