{"id":240,"date":"2024-10-18T09:49:40","date_gmt":"2024-10-18T12:49:40","guid":{"rendered":"http:\/\/ceepcuritiba.com.br\/novo\/?page_id=240"},"modified":"2024-11-18T08:54:27","modified_gmt":"2024-11-18T11:54:27","slug":"resultado-do-processo-classificatorio-2025","status":"publish","type":"page","link":"http:\/\/ceepcuritiba.com.br\/novo\/?page_id=240","title":{"rendered":"RESULTADO DO PROCESSO CLASSIFICAT\u00d3RIO &#8211; 2025"},"content":{"rendered":"\n<p class=\"has-text-align-center\"><strong>CONFIRMA\u00c7\u00c3O DOS DADOS DECLARADOS NA INSCRI\u00c7\u00c3O<\/strong><\/p>\n\n\n\n<p class=\"has-text-align-center\"><strong>PARA OS CLASSIFICADOS<\/strong><\/p>\n\n\n\n<p>Classificados no Processo Classificat\u00f3rio \u2013 2025 ter\u00e3o at\u00e9 o dia <strong>29\/11\/2024<\/strong> para confirmar os dados declarados na inscri\u00e7\u00e3o, <strong>presencialmente<\/strong> na Secretaria do CEEP Curitiba, caso n\u00e3o compare\u00e7am estar\u00e3o abdicando da vaga no CEEP Curitiba.<\/p>\n\n\n\n<p> Hor\u00e1rio para confirmar os dados: 8h \u00e0s 11h \/ 14h \u00e0s 17h \/ 18h \u00e0s 21h<\/p>\n\n\n\n<p class=\"has-text-align-center has-text-color has-link-color has-large-font-size wp-elements-655ab17cc1b790f88af6d0d151ad8003\" style=\"color:#e41515\"><strong>2\u00aa chamada ser\u00e1 a partir de 02\/12\/2024.<\/strong><\/p>\n\n\n\n<p class=\"has-text-align-center\"><strong>DOCUMENTOS PARA CONFIRMA\u00c7\u00c3O DOS DADOS<\/strong><\/p>\n\n\n\n<p class=\"has-text-align-center\"><strong>DECLARADOS NA INSCRI\u00c7\u00c3O 2025<\/strong><\/p>\n\n\n\n<p><strong>M\u00c9DIO INTEGRADO<\/strong><strong><\/strong><\/p>\n\n\n\n<p>Apresentar todos os seguintes documentos:<\/p>\n\n\n\n<p><strong>\u2013&nbsp;<\/strong>Ficha do Pedag\u00f3gico (imprimir, preencher, assinar e apresentar com foto) <a href=\"http:\/\/ceepcuritiba.com.br\/novo\/wp-content\/uploads\/2024\/10\/FICHA-_PEDAGOGICO_ALUNO_2024.pdf\">FICHA PEDAG\u00d3GICO<\/a><\/p>\n\n\n\n<p><strong>\u2013&nbsp;<\/strong>Ficha de Sa\u00fade (imprimir, preencher e assinar) <a href=\"http:\/\/ceepcuritiba.com.br\/novo\/wp-content\/uploads\/2024\/10\/FICHA_DE_SAUDE_2024.pdf\">FICHA DE SA\u00daDE<\/a><\/p>\n\n\n\n<p><strong>\u2013&nbsp;<\/strong>Ficha de Dados Socioecon\u00f4micos e Empregabilidade (imprimir, preencher e assinar) <a href=\"http:\/\/ceepcuritiba.com.br\/novo\/wp-content\/uploads\/2024\/10\/SOCIOECONOMICO_EMPREGABILIDADE.pdf\">FICHA SOCIAL<\/a><\/p>\n\n\n\n<p><strong>\u2013&nbsp;<\/strong>Hist\u00f3rico Escolar&nbsp;do Ensino Fundamental (ou Declara\u00e7\u00e3o com as notas mencionadas na Inscri\u00e7\u00e3o).<\/p>\n\n\n\n<p><strong>\u2013&nbsp;<\/strong>Contribui\u00e7\u00e3o APMF no valor de R$ 60,00<\/p>\n\n\n\n<p><strong>\u2013&nbsp;<\/strong>Comprova\u00e7\u00e3o que recebe renda do Governo Federal (Ex: Bolsa Fam\u00edlia, comprovante de recebimento do \u00faltimo m\u00eas), para quem declarou que recebe.<\/p>\n\n\n\n<p class=\"has-text-align-center\"><strong>DOCUMENTOS PARA CONFIRMA\u00c7\u00c3O DOS DADOS<\/strong><\/p>\n\n\n\n<p class=\"has-text-align-center\"><strong>DECLARADOS NA INSCRI\u00c7\u00c3O 2025<\/strong><\/p>\n\n\n\n<p><strong>SUBSEQUENTE<\/strong><\/p>\n\n\n\n<p>Apresentar todos os seguintes documentos:<\/p>\n\n\n\n<p><strong>\u2013&nbsp;<\/strong>Ficha de Sa\u00fade (imprimir, preencher e assinar) <a href=\"http:\/\/ceepcuritiba.com.br\/novo\/wp-content\/uploads\/2024\/10\/FICHA_DE_SAUDE_2024.pdf\">FICHA DE SA\u00daDE<\/a><\/p>\n\n\n\n<p><strong>\u2013&nbsp;<\/strong>Ficha de Dados Socioecon\u00f4micos e Empregabilidade (imprimir, preencher e assinar) <a href=\"http:\/\/ceepcuritiba.com.br\/novo\/wp-content\/uploads\/2024\/10\/SOCIOECONOMICO_EMPREGABILIDADE.pdf\">FICHA SOCIAL<\/a><\/p>\n\n\n\n<p><strong>\u2013&nbsp;<\/strong>Hist\u00f3rico Escolar&nbsp;do Ensino M\u00e9dio (ou Declara\u00e7\u00e3o com as notas mencionadas na Inscri\u00e7\u00e3o).<\/p>\n\n\n\n<p><strong>\u2013<\/strong>&nbsp;Certid\u00e3o de Regularidade de Estudos \u2013 para alunos que conclu\u00edram os estudos fora do Estado do Paran\u00e1<\/p>\n\n\n\n<p><strong>\u2013&nbsp;<\/strong>Contribui\u00e7\u00e3o APMF no valor de R$ 60,00<\/p>\n\n\n\n<p><strong>\u2013&nbsp;<\/strong>Comprova\u00e7\u00e3o que recebe renda do Governo Federal (Ex: Bolsa Fam\u00edlia, comprovante de recebimento do \u00faltimo m\u00eas), para quem declarou que recebe.<\/p>\n\n\n\n<p class=\"has-text-align-center\"><strong>RESULTADO PROCESSO CLASSIFICAT\u00d3RIO \u2013 2025<\/strong><\/p>\n\n\n\n<p><strong><a href=\"http:\/\/ceepcuritiba.com.br\/novo\/wp-content\/uploads\/2024\/10\/2025_BIOTEC_MEDIO.pdf\">BIOTECNOLOGIA \u2013 M\u00c9DIO INTEGRADO<\/a><\/strong><\/p>\n\n\n\n<p><strong><a href=\"http:\/\/ceepcuritiba.com.br\/novo\/wp-content\/uploads\/2024\/10\/2025_DES_SIST_MEDIO.pdf\">DESENVOLVIMENTO DE SISTEMAS \u2013 M\u00c9DIO INTEGRADO<\/a><\/strong><\/p>\n\n\n\n<p><strong><a href=\"http:\/\/ceepcuritiba.com.br\/novo\/wp-content\/uploads\/2024\/10\/2025_EDIFIC_MEDIO-1.pdf\">EDIFICA\u00c7\u00d5ES \u2013 M\u00c9DIO INTEGRADO<\/a><\/strong><\/p>\n\n\n\n<p><strong><a href=\"http:\/\/ceepcuritiba.com.br\/novo\/wp-content\/uploads\/2024\/10\/2025_EDIFIC_SUB.pdf\">EDIFICA\u00c7\u00d5ES \u2013 SUBSEQUENTE<\/a><\/strong><\/p>\n\n\n\n<p><strong><a href=\"http:\/\/ceepcuritiba.com.br\/novo\/wp-content\/uploads\/2024\/10\/2025_ELETROM_MEDIO.pdf\">ELETROMEC\u00c2NICA \u2013 M\u00c9DIO INTEGRADO<\/a><\/strong><\/p>\n\n\n\n<p><strong><a href=\"http:\/\/ceepcuritiba.com.br\/novo\/wp-content\/uploads\/2024\/10\/2025_ELETROM_SUB.pdf\">ELETROMEC\u00c2NICA \u2013 SUBSEQUENTE<\/a><\/strong><\/p>\n\n\n\n<p><strong><a href=\"http:\/\/ceepcuritiba.com.br\/novo\/wp-content\/uploads\/2024\/10\/2025_ELETRONICA_MEDIO.pdf\">ELETR\u00d4NICA \u2013 M\u00c9DIO INTEGRADO<\/a><\/strong><\/p>\n\n\n\n<p><strong><a href=\"http:\/\/ceepcuritiba.com.br\/novo\/wp-content\/uploads\/2024\/10\/2025_FARMACIA_MEDIO.pdf\">FARM\u00c1CIA \u2013 M\u00c9DIO INTEGRADO<\/a><\/strong><\/p>\n\n\n\n<p><strong><a href=\"http:\/\/ceepcuritiba.com.br\/novo\/wp-content\/uploads\/2024\/10\/2025_MANU_MEDIO.pdf\">MANUTEN\u00c7\u00c3O AUTOMOTIVA \u2013 M\u00c9DIO INTEGRADO<\/a><\/strong><\/p>\n\n\n\n<p><strong><a href=\"http:\/\/ceepcuritiba.com.br\/novo\/wp-content\/uploads\/2024\/10\/2025_MECANICA_MEDIO.pdf\">MEC\u00c2NICA \u2013 M\u00c9DIO INTEGRADO<\/a><\/strong><\/p>\n\n\n\n<p><strong><a href=\"http:\/\/ceepcuritiba.com.br\/novo\/wp-content\/uploads\/2024\/10\/2025_MEIO_MEDIO.pdf\">MEIO AMBIENTE \u2013 M\u00c9DIO INTEGRADO<\/a><\/strong><\/p>\n\n\n\n<p><strong><a href=\"http:\/\/ceepcuritiba.com.br\/novo\/wp-content\/uploads\/2024\/10\/2025_PROG_JOGOS_MEDIO.pdf\">PROGRAMA\u00c7\u00c3O DE JOGOS DIGITAIS \u2013 M\u00c9DIO INTEGRADO<\/a><\/strong><\/p>\n\n\n\n<p><strong><a href=\"http:\/\/ceepcuritiba.com.br\/novo\/wp-content\/uploads\/2024\/10\/2025_QUIMICA_MEDIO.pdf\">QU\u00cdMICA \u2013 M\u00c9DIO INTEGRADO<\/a><\/strong><\/p>\n\n\n\n<p style=\"font-size:17px\"><strong><a href=\"http:\/\/ceepcuritiba.com.br\/novo\/wp-content\/uploads\/2024\/10\/2025_QUIMICA_SUB.pdf\">QU\u00cdMICA \u2013 SUBSEQUENTE<\/a><\/strong><\/p>\n\n\n\n<p class=\"has-text-align-center has-text-color has-link-color has-medium-font-size wp-elements-6011922738a77f4bac48389a8a2a9f5f\" style=\"color:#e91717\"><strong>2\u00aa CHAMADA A PARTIR DO DIA 02\/12\/2024 &#8211; APENAS NO SITE<\/strong><\/p>\n\n\n\n<p><\/p>\n","protected":false},"excerpt":{"rendered":"<p>CONFIRMA\u00c7\u00c3O DOS DADOS DECLARADOS NA INSCRI\u00c7\u00c3O PARA OS CLASSIFICADOS Classificados no Processo Classificat\u00f3rio \u2013 2025 ter\u00e3o at\u00e9 o dia 29\/11\/2024 para confirmar os dados declarados na inscri\u00e7\u00e3o, presencialmente na Secretaria do CEEP Curitiba, caso n\u00e3o compare\u00e7am estar\u00e3o abdicando da vaga no CEEP Curitiba. Hor\u00e1rio para confirmar os dados: 8h \u00e0s 11h \/ 14h \u00e0s 17h [&hellip;]<\/p>\n","protected":false},"author":2,"featured_media":0,"parent":0,"menu_order":0,"comment_status":"closed","ping_status":"closed","template":"","meta":{"footnotes":""},"class_list":["post-240","page","type-page","status-publish","hentry"],"_links":{"self":[{"href":"http:\/\/ceepcuritiba.com.br\/novo\/index.php?rest_route=\/wp\/v2\/pages\/240"}],"collection":[{"href":"http:\/\/ceepcuritiba.com.br\/novo\/index.php?rest_route=\/wp\/v2\/pages"}],"about":[{"href":"http:\/\/ceepcuritiba.com.br\/novo\/index.php?rest_route=\/wp\/v2\/types\/page"}],"author":[{"embeddable":true,"href":"http:\/\/ceepcuritiba.com.br\/novo\/index.php?rest_route=\/wp\/v2\/users\/2"}],"replies":[{"embeddable":true,"href":"http:\/\/ceepcuritiba.com.br\/novo\/index.php?rest_route=%2Fwp%2Fv2%2Fcomments&post=240"}],"version-history":[{"count":12,"href":"http:\/\/ceepcuritiba.com.br\/novo\/index.php?rest_route=\/wp\/v2\/pages\/240\/revisions"}],"predecessor-version":[{"id":370,"href":"http:\/\/ceepcuritiba.com.br\/novo\/index.php?rest_route=\/wp\/v2\/pages\/240\/revisions\/370"}],"wp:attachment":[{"href":"http:\/\/ceepcuritiba.com.br\/novo\/index.php?rest_route=%2Fwp%2Fv2%2Fmedia&parent=240"}],"curies":[{"name":"wp","href":"https:\/\/api.w.org\/{rel}","templated":true}]}}